tens digit of u?
2
Suppose 5*y + 54770 = 2*j, j - 187*y + 192*y = 27430. What is the tens digit of j?
0
Suppose 0 = 34*u - 110595 - 75827. What is the units digit of u?
3
Let b(a) = 790*a - 18642. What is the ten thousands digit of b(77)?
4
Let b = 89875 - 57028. What is the tens digit of b?
4
Let g be (2/1)/(-2*(2 + -1)). Let h(s) = 4*s**2 - 8*s + 14. Let w(u) = -u**2 + u - 1. Let x(d) = g*h(d) - 6*w(d). What is the tens digit of x(6)?
7
Let o = 35513 + -6163. What is the units digit of o?
0
Suppose -5*f + 7*f - 486 = 0. Suppose -1762 - f = -5*m + 5*k, -1608 = -4*m + 3*k. Suppose -34*r + m = -29*r. What is the units digit of r?
1
Let x = 0 + 0. Let f(b) = -b**2 + 7*b - 70. Let o(w) = -w**2 + 11*w - 69. Let z(a) = -3*f(a) + 2*o(a). What is the units digit of z(x)?
2
Let f(x) = x**2 - 8*x - 9. Let b be f(9). Suppose b = -5*d + 6*d + 2*s - 230, -s + 675 = 3*d. Suppose -26*l + d = -22*l. What is the tens digit of l?
5
Let g(z) be the third derivative of 5*z**4/4 - 10*z**3/3 + 29*z**2. Let a be g(5). Let p = a + -55. What is the units digit of p?
5
Let n = 2656 + -2416. Let s be 2 + -144 - (0 + 0). Let u = s + n. What is the tens digit of u?
9
Suppose 3 = 3*h, 1423 = -2*c + 6*c - 5*h. Suppose 45*o - c = 42*o. What is the hundreds digit of (o/(-21) - -5)/(2/(-537))?
1
Suppose -342 = 9*w - 108. Let f = w - -30. Suppose 113 = f*z - 391. What is the hundreds digit of z?
1
Let c = 46300 + -27004. What is the thousands digit of c?
9
Suppose 2*k = h + 28, 2*k + h + 2*h = 20. Suppose 969 = k*n - 10*n. What is the hundreds digit of n?
3
Suppose 63*b - 244860 = 2*b - 9*b. What is the units digit of b?
8
Suppose -1248 = -125*z + 131*z. Suppose f + 833 = -2*c, -4*c - 1313 = -2*f + 357. Let j = z - c. What is the hundreds digit of j?
2
Suppose 1093 + 1647 = 2*m. Suppose -6*c + m + 1972 = 0. What is the units digit of c?
7
Let c = -33132 + 47132. What is the thousands digit of c?
4
Let z(i) = i**3 + i**2 - 3*i. Let f(r) be the first derivative of -3*r**2/2 + 13*r - 17. Let l be f(3). What is the units digit of z(l)?
8
Suppose -14*s - 25 - 73 = 0. Let h(i) be the second derivative of -11*i**3/3 + 17*i**2/2 + 5*i. What is the units digit of h(s)?
1
Let h(a) = a**2 - 3*a + 2. Let x be h(4). Suppose -2*r = -x*r - 128. Let z = r - -47. What is the tens digit of z?
1
Suppose 0 = -27*r + 329957 + 166951. What is the tens digit of r?
0
Let t be 2151/478 - (-2)/4. Suppose 0 = -3*j + j + 4. Suppose -3*z + t*p + 140 = 2*z, -j*p - 118 = -4*z. What is the tens digit of z?
3
Let a(j) = -3*j**3 + 175*j**2 - 61*j + 221. Let d be a(58). Let n(k) = -k**2 - 6*k + 6. Let z be n(-6). Suppose 0 = z*x - 115 - d. What is the units digit of x?
7
Let i = 644 + -315. Let k = i - -13. What is the units digit of k?
2
Let x(n) = 35*n**2 + 4*n + 4. Let v(h) = h**2 - h - 1. Let t(s) = -5*v(s) - x(s). Let p be t(-1). What is the units digit of (-1)/(((-18)/p)/(-9))?
0
Suppose 48780 + 127951 - 9718 = 21*c. What is the thousands digit of c?
7
Let c(b) = -b**3 - 3*b**2 + 16*b + 6. Let y be c(-6). Suppose y*n = 22*n - 1388. What is the units digit of n?
7
Let p(b) = -5*b**2 - 6*b - 13. Suppose -5*d - 3*h - 23 = 9, 0 = -3*h - 12. Let u be p(d). Let l = 79 + u. What is the units digit of l?
0
Let x be (-8)/(-32) - (-61)/(-4). What is the units digit of (18 + x)/((-2)/(-326))?
9
Suppose 6*p = -2*r + 9*p + 2463, 0 = -5*r - 3*p + 6105. What is the units digit of r?
4
Let f(t) = t**3 - 6*t**2 - t + 10. Let k be f(6). Suppose p = -2*r + 14 - k, -5*p + 28 = -r. Suppose p*h - 136 = 128. What is the units digit of h?
4
Let c(p) = -2*p**2 - 19*p - 31. Let b be c(-7). Suppose b*m - 2*d = 5498, 0 = 4*m - 0*d - 4*d - 5504. What is the units digit of m?
3
Suppose -5*m + 2389 + 3221 = 0. Let l = m + -673. What is the tens digit of l?
4
Suppose 2*t = 5 + 1. Let v(k) = -4*k + 10*k + k**2 - 2 + k**t - 10*k. What is the tens digit of v(4)?
6
Let y = 6926 - 5530. What is the units digit of y?
6
Suppose 972*v - 1044*v = -3000816. What is the thousands digit of v?
1
Let p(y) = y**2 - 5*y - 6. Let d be p(6). Let i(j) be the third derivative of j**4/8 + 61*j**3/6 - 30*j**2 - 2. What is the tens digit of i(d)?
6
Let q(p) = 0*p - 25 - 74 - 9*p - 11*p. What is the hundreds digit of q(-31)?
5
Suppose 37*x + 218 = -4. What is the units digit of 4059/(-2)*4/x?
3
Suppose -2*k = -3*p + 182924, -4*p + 234610 = 5*k - 9281. What is the hundreds digit of p?
9
Suppose -5*d + 128 = -t + 5*t, -3*t + d + 96 = 0. What is the tens digit of 32/t*2*221?
4
Let b(x) = x**2 + 5 - 7*x + 13 - 3 - 4*x. Let u be b(10). Suppose -3*y + 0*y + 99 = v, u*y - 20 = 0. What is the units digit of v?
7
Let r(b) = -3 + 0 + 1 - 42*b. Let a be (-28)/42*7/((-56)/(-36)). What is the tens digit of r(a)?
2
Let h(y) = 3*y**2 - 79*y + 33. Let p be h(16). Let j = p + 2140. What is the units digit of j?
7
Let g be -1*(-8 - (73982 + -6)). Suppose 56*w + 8*w = g. What is the hundreds digit of w?
1
Suppose -5*z + 18 = -7. Suppose 3*t = z*w + 1345, 4*t - 1282 - 500 = w. What is the units digit of t?
5
Let o = -22 + 26. Suppose o*y - 135 = -351. Let f = 60 - y. What is the hundreds digit of f?
1
Let w = -2800 - -1003. Let n = w + 3107. What is the hundreds digit of n?
3
What is the hundreds digit of 12/30 + -1 + 10228/5?
0
Let p = -35 - -171. Let u be 8 + 3/3*31. Suppose u*h - p = 35*h. What is the units digit of h?
4
Suppose 0 = -2*j + 14 + 26. Suppose -5*b + j = 0, 3*f + 5*b - 1756 = -f. What is the hundreds digit of f?
4
Let i(o) = -o**3 - 14*o**2 - 23*o + 15. Let q be i(-12). Suppose 3*m - q*l - 2667 = 0, 0 = -2*l - 10 - 0. What is the tens digit of m?
8
Let y = 78 + -187. Suppose m + 961 = -30*m. Let l = m - y. What is the units digit of l?
8
Suppose 3394 = 5*z - 1176. Suppose -x - 6*o = -7*o - z, x - 902 = 4*o. What is the hundreds digit of x?
9
Suppose 2*j = 5*y + 962, -3*y + 210 - 804 = 3*j. Let f = 1159 + y. What is the units digit of f?
5
Suppose 4*g = 4*h + 17288, -1453 = -4*g + 2*h + 15837. What is the units digit of g?
3
Let p = -562 + -580. Let g = 1685 + p. What is the tens digit of g?
4
Let h(y) = 3*y + 6. Let l be h(-1). Suppose 4*o - 790 = -l*r, 20*r = 25*r + 3*o - 1324. What is the hundreds digit of r?
2
Let y = -24 - -29. Let b(a) = y - 1 - 5*a**3 + 54*a**3 - 2*a**2 - 3. What is the units digit of b(1)?
8
Suppose l = 5*w - 5, l + 1 = w - l. Let u(c) = 4*c - c**2 - 2 + 2*c + w + 14*c. What is the units digit of u(9)?
8
Suppose -2662 = -26*s + 3266. What is the hundreds digit of (6/4 - -1)*s?
5
Let m be (0*(-5)/25)/(-2). Suppose -5*h + 3*j + 14 + 173 = m, 5*h - 189 = j. What is the tens digit of h?
3
Let f(h) = 5*h**2 + 377*h + 513. What is the units digit of f(-78)?
7
Let j = -12997 + 26580. What is the ten thousands digit of j?
1
Let j = 33 - 22. Let d(h) = 64932 - 64922 - h**2 + 0*h**2 + 26*h. What is the hundreds digit of d(j)?
1
Let w = -8378 + 14966. What is the hundreds digit of w?
5
Let p(w) be the second derivative of -17*w**3 - 12*w**2 - w. Let b be p(-8). What is the tens digit of 5/2*b/20?
9
What is the units digit of 2*((-60)/100 + 122526/10)?
4
Suppose -z = -5, 60*o = 63*o - z - 57814. What is the hundreds digit of o?
2
Let l(k) = 12*k**2 + 5*k - 22. Let p(a) = 12*a**2 + 4*a - 21. Let d(x) = -3*l(x) + 4*p(x). What is the tens digit of d(4)?
7
Let y(q) = -29*q + 40 + 73*q - 38*q. Let d be y(-23). Let b = -57 - d. What is the units digit of b?
1
Let j(w) = w**3 + 15*w**2 - 27*w - 18. Let m be j(-18). Let y = m - -1072. Suppose -2*v = 2*v - y. What is the hundreds digit of v?
1
Suppose -9*h + 2737 + 584 = 0. Suppose -5*i + 91 = -h. What is the units digit of i?
2
Let z = 260 + -260. Suppose 6*n - 1 = 5*n, k + 4*n - 34 = z. What is the units digit of k?
0
Suppose -25 = -0*c - 5*c. Suppose -49*h + 5478 + 31762 = 0. Suppose -c*j - 2*g = -h, 3*j + 2*g = 457 - 1. What is the units digit of j?
2
Let u be -3 + 159/(-27) + 3/(-27). What is the tens digit of 0 - u/3 - -272?
7
Let r = -39 + -547. Let g = -412 - r. What is the tens digit of g?
7
Let u be (-88 + 91)/(3/13). Suppose r + u*r = 4382. What is the units digit of r?
3
Suppose -350*i + 19*i + 6921541 = 0. What is the tens digit of i?
1
What is the tens digit of (20/15 - 70/(-15))*452?
1
Let k(j) = j**2 + 10*j - 13. Let c be k(-9). Let b be (c/(-6))/((-11)/(-66)). Let p = 51 - b. What is the t